rivative of -1/2*t**2 + 2*t - 12. Calculate r(-3).
5
Let z(y) = -6*y + 3. Let l = 102 - 99. Give z(l).
-15
Let c = 15 - 19. Let d(t) = -2*t**3 - t**2 + 15*t + 7. Let v(p) = -2*p**2 + 10 - 3*p**3 + 21*p + 7*p - 6*p. Let r(n) = 7*d(n) - 5*v(n). Calculate r(c).
3
Let k(n) be the second derivative of 1/6*n**3 + 0 - 1/2*n**2 + 17*n. Let s be 3/(-2) + (-1)/(-2). Calculate k(s).
-2
Let l(d) = d**3 + 7*d**2 - d. Let o = 59 - 66. Calculate l(o).
7
Let s(d) = -d + 1 - 4 - 2*d + 2*d + 3*d. Calculate s(-1).
-5
Let v(u) = u**3 + 4*u**2 - 6*u - 7. Let n be 0*(-2 + 1)/2. Let t = -1453 + 1460. Suppose 2*i + t + 3 = n. Give v(i).
-2
Let v(k) be the first derivative of -k**4/4 + 10*k**3/3 - 9*k**2/2 + 5*k + 392. Give v(9).
5
Let t = 19 + -17. Suppose t*a = -5 + 13. Let h(k) = k**3 - 4*k**2 + 3*k - 6. Give h(a).
6
Let q = -53 + 53. Let x(r) be the third derivative of 5*r**2 - 1/8*r**4 + 0 + q*r**3 + 0*r - 1/120*r**6 + 1/30*r**5. Give x(2).
-6
Suppose 19*l = 17*l. Suppose l = x - 4*f + 6, x + 0*x + 4*f - 18 = 0. Let u(w) = -w**3 + 6*w**2 + w - 3. What is u(x)?
3
Let n = 12 - 12. Suppose n = 4*l - 8*l - 12. Let r = l + 0. Let b(c) = -3*c. Give b(r).
9
Suppose -19*f + 266 = -38*f. Let a(l) = l + 28. Calculate a(f).
14
Let p(g) = 28*g - 5. Let a(r) = -5*r. Let t(f) = 4*a(f) + p(f). Determine t(5).
35
Let g(o) = -8906*o - 4941. Let p(d) = 65*d + 36. Let h(n) = -4*g(n) - 549*p(n). Determine h(-1).
61
Let x(m) be the third derivative of m**5/20 - 13*m**4/24 - 3*m**3/2 - 26*m**2 - 6. Determine x(5).
1
Let q(p) = -2 + 2 - 6 + 2*p - p. Let s be q(9). Let i(j) = j - 3. Give i(s).
0
Let c(o) = 42 - 19*o - 17*o + 37*o. Give c(0).
42
Suppose 0 = -5*f - 4*t + 8, -5*f + 2*t = 7*t - 10. Let o(n) be the first derivative of n**3/3 + n**2/2 + n + 2355. What is o(f)?
1
Suppose -4*t - 4 = h, t - 1 = -h - 2. Let f(q) = q**3 - q**2 - q + 1. Let v(s) = 7*s**3 - 5*s**2 - 5*s + 12. Let m(j) = -6*f(j) + v(j). Give m(h).
6
Let t(k) = -6*k - 5 + 0 + 72*k**2 - 73*k**2 + 2. Give t(-6).
-3
Let d(s) = 119*s - 122. Let p be d(1). Let u(j) = -j**3 - 4*j**2 + 1. Give u(p).
-8
Let n(b) be the first derivative of 1/3*b**4 - 5*b + 1/2*b**3 - 1/20*b**5 + 7/2*b**2 + 5. Let c(d) be the first derivative of n(d). What is c(5)?
-3
Let o(g) = 8*g + 1. Let v be -4*((-4)/18 - 169/(-234)). Calculate o(v).
-15
Let i(d) = -d**3 - 7*d**2 - 11*d - 2. Let z(n) = -4*n**2 + 24*n - 5. Let b be z(6). What is i(b)?
3
Let a(m) = 2*m**2 + 2*m - 5. Suppose 54 - 22 = 8*n. Give a(n).
35
Let p = 18 + 0. Let f = -28 + p. Let v be 8/f - 5/25. Let r(q) = 2*q**2 + 2*q + 1. Determine r(v).
1
Let x be (-40)/(-3)*(-39)/26. Let b = 18 + x. Let t(l) = -l**3 - 2*l**2 - 3*l - 1. What is t(b)?
5
Let s(m) = -m**2 - 6*m + 3. Let q(h) = h + 1. Let l(b) = -3*q(b) + s(b). Suppose -2*y - 10 = -0*y. Give l(y).
20
Let a(k) = k**2 - 5*k - 51. Let v be a(-5). Let p(x) = -x. What is p(v)?
1
Let u(l) be the first derivative of l**6/360 - l**5/60 + l**4/8 - 4*l**3 + 10. Let r(k) be the third derivative of u(k). Give r(3).
6
Let q(j) = -3*j. Let i be (9 + -6)*(-16)/6. Let k = i + 11. Determine q(k).
-9
Let d(g) = -g**3 + g**2 - g + 1. Let w(o) = 6*o**2 - 8*o - 5. Suppose 2*u + 2*n = -3 - 1, 2 = -4*u - 2*n. Let x(k) = u*w(k) - d(k). Calculate x(-6).
0
Let f(x) = 2*x + 2. Let l be 4*(1 - -1)/2. Suppose -3*m + 1 = -l*t, 0 = -t - 4*t + 3*m + 1. Calculate f(t).
6
Let m be (-3 + 4 - -1) + -5. Let t(o) = 16*o**3 + 3*o - 2. Let x be t(1). Let k(r) = 5*r - x*r + 11*r + 3*r. What is k(m)?
-6
Let p(l) = l**2 + 13*l + 10. Let g be p(-12). Let n(b) = b**3 + 2*b**2 + b - 2. Calculate n(g).
-4
Let m(a) = -8*a - 4. Suppose 338 = -6*p + 296. Give m(p).
52
Let b(z) = -4*z**3 - 2*z**2 - z. Let r be (-19)/(-114) + 5/6. Suppose 0 = -7*t + r - 8. Determine b(t).
3
Let c be (-52)/20 - (-6)/10. Let p(n) = n**3 + 6*n**2 - 3*n + 6. Let s = 1 + -6. Let q(l) = -l**2 + l - 1. Let g(m) = s*q(m) - p(m). Calculate g(c).
7
Let v(d) = -4*d**2 - 10*d + 4. Let z(y) = -5*y**2 - 10*y + 1. Let r(l) = 4*v(l) - 3*z(l). Give r(-12).
-11
Let o(s) be the first derivative of 11*s**7/840 - s**6/180 - s**5/120 - 11*s**3/3 + 9. Let y(l) be the third derivative of o(l). Determine y(-1).
-12
Let b(a) be the third derivative of -a**6/40 - a**5/30 + a**4/12 + a**2. Let q(r) = -r**2 + r + 4. Let s be q(-2). Calculate b(s).
12
Suppose -4 + 2 = j. Let r(x) be the second derivative of -1/20*x**5 + 0 - 2/3*x**3 - 5/12*x**4 - 3/2*x**2 + 6*x. Give r(j).
-7
Let s be (10/4)/((-2)/(-4)). Let d(h) = -h - 2 - 4 - h**2 + s. Let k = -678 + 674. Calculate d(k).
-13
Let t(v) = 5*v**2 + 13*v**2 - 5 + 0*v - v + 7*v - 19*v**2. What is t(6)?
-5
Let l = 308 - 315. Let x(j) = -11*j - 4 + 12*j**2 - 26*j**2 + 13*j**2. Determine x(l).
24
Let m be (-1650)/60*1*2*1. Let r = -53 - m. Let b(q) = 10*q - 2. Give b(r).
18
Let c(m) = 2*m**2 - 13*m + 10. Let i(x) = -x**2 + 7*x - 5. Let o(g) = 6*c(g) + 14*i(g). Let a be o(9). Let b(k) = -k**3 + 8*k**2 + k - 4. Determine b(a).
4
Let u(q) = q**3 - 2*q**2 + 2*q + 3. Let v(h) = h**2 - h + 2. Let z be v(0). Let m(i) = -2*i**2 + 3*i. Let j be m(z). Determine u(j).
-17
Let a(i) = 1 + 15*i - 2 - 6*i. Let p(m) = m**3 + 9*m**2 - 9*m + 12. Let y be ((-90)/(-12))/(9/(-12)). Let b be p(y). What is a(b)?
17
Let n(z) = z - z**2 + 546 - 542 + 2*z**2 - 3*z**2. Determine n(-3).
-17
Let l(k) = 10*k + 54. Let c be l(-6). Let x(a) = a**2 + 7*a + 9. Determine x(c).
3
Suppose 0 = 13*y - 35 + 48. Let q(b) = -7*b**3 - 2*b**2 - b. Calculate q(y).
6
Let u = -152 - -148. Let j(q) = q**3 + 5*q**2 - 2. What is j(u)?
14
Let p(s) = 6*s**2 + s - 8. Let b(o) = -2*o**2 + 1. Let t(g) = -2*b(g) - p(g). What is t(2)?
-4
Let u(q) = -1 + q - 2 + 3 + 5. Let i be u(0). Let g(b) = b**3 - 6*b**2 + 5*b + 1. Calculate g(i).
1
Let b be -2 + 7/(2 - 1). Let x(w) be the first derivative of 2*w**3/3 + 9*w**2/2 + w + 4. Let k(y) = y**2 + 8*y + 2. Let s(j) = 3*k(j) - 2*x(j). Calculate s(b).
9
Let r be -11*4*(-12)/(-16). Let h = 63 + r. Suppose -h = -2*b - 3*b. Let q(m) = -m - 5. Determine q(b).
-11
Let f = -1484 - -1491. Let n(p) = -2*p + 10. Give n(f).
-4
Let f(n) be the first derivative of -n**4/4 - 4*n**3/3 + n**2/2 + 5*n - 61. Determine f(-5).
25
Let m(f) = 2*f - f + 94 + 89 - 183. Give m(7).
7
Let m(x) = -x + 18. Suppose d = -3*n - n + 29, -8*n + 5*d + 23 = 0. Calculate m(n).
12
Let l = -6 - -4. Suppose 2*a - 21 = -g, -4*a + 0*g + 7 = -5*g. Let o(i) = -3 - a*i**2 - 2*i - 15*i**2 + 24*i**2. Calculate o(l).
5
Let t(o) = -13*o**3 - 14 + 14 - 4*o**3 - 26*o**3 + o. Determine t(-1).
42
Let n(w) = 5*w**2 - 9*w + 9. Let x(o) = 4*o**2 - 10*o + 7. Let p(q) = 3*n(q) - 4*x(q). Give p(13).
-1
Let z(s) = -11*s**2 + 2 - 25 + 12*s**2 - 50*s + 51*s. What is z(5)?
7
Let t(j) = -j**2 - 10*j - 7. Let b be t(-9). Let c(m) = 13 - m - m**b + 5*m**2 - m**3 + 3 - 20. Determine c(3).
2
Let l(u) = -13*u**2 - 140*u - 233. Let y(q) = -3*q**2 - 34*q - 58. Let k(x) = -2*l(x) + 9*y(x). Give k(-23).
13
Let t(n) be the second derivative of 0 + 1/2*n**3 - 1/60*n**5 - 1/24*n**4 + 3*n + 7/2*n**2. Let r(s) be the first derivative of t(s). Determine r(-3).
-3
Let x(p) = -p**3 + 6*p**2 - p + 4. Let h = -1006 + 1012. Determine x(h).
-2
Let y = 8435/132 - 702/11. Let t(l) be the second derivative of 1/2*l**2 + 1/6*l**3 + 4*l + 0 + y*l**4. Calculate t(2).
7
Let y(g) = g**3 - g**2 + 7. Let k be y(0). Let m(s) = -s + s + 8*s**2 + 10*s**3 - 6*s - 11*s**3 + 5. What is m(k)?
12
Let h(w) = -4*w**2 - 2*w + 1. Let m(d) be the third derivative of -d**6/120 + d**5/6 - d**4/24 + 4*d**3/3 + 39*d**2. Let b be m(10). Give h(b).
-11
Let t = -1 - 1. Let w(l) be the third derivative of -l**6/120 - l**5/60 + l**4/24 - l**3/6 - 4*l**2 + 8*l. Determine w(t).
1
Let j(w) be the third derivative of -1/120*w**6 + 0 - 1/8*w**4 + 1/12*w**5 + 0*w - 9*w**2 + 1/3*w**3. What is j(4)?
6
Let k(b) = 2*b**2 + 4 + b**2 - 2*b**2 + 297*b - 296*b. Calculate k(0).
4
Let w(y) = y**3 + 3*y**2 - 2*y + 3. Suppose -4*s + 45 = s. Suppose -5*u - s = 6. Calculate w(u).
9
Let y be (63/28 + -2)/((-1)/(-4)). Let v(w) be the first derivative of w**3 - 6. What is v(y)?
3
Let t(j) = -2*j**3 - 4*j**2 - 3*j. Let m(w) be the first derivative of -w**3/3 + 3*w**2 + 5*w + 3. Let l be m(8). Let i = l - -9. Calculate t(i).
6
Let z(m) = m**3 - 4*m**2 + 3*m. Let r(y) = y**3 + 10*y**2 + 7*y - 15. Let q be r(-9). Calculate z(q).
0
Let 